t is the remainder when 645 is divided by b?
5
Suppose 4*v - 21341 = 5*m, 0 = -5*v + 5*m + 3617 + 23053. Calculate the remainder when v is divided by 31.
28
Suppose 0*g - 5*g + 15 = 0. Let t be -3*(g/1)/(-3). Suppose -3*w = z - 13, -t*z + 4 = 1. What is the remainder when 13 is divided by w?
1
Let q = -12 - -23. Suppose 2*m - 2*d = 100, -5*m = 13*d - 16*d - 256. What is the remainder when m is divided by q?
9
Let r = -111 + 229. Let w = -87 + r. Let d = 50 - -38. What is the remainder when d is divided by w?
26
Suppose 6*m + 760 = 4*x + 2072, -x = 4*m - 849. Calculate the remainder when m is divided by 44.
38
Suppose k = 5*i + 4 - 0, 4*i + k = 4. Suppose i = -2*c + 4, 2*c = 3*j + 1 - 48. What is the remainder when 166 is divided by j?
13
Let b be (3 + -5)/(8/(-596)) - -2. Suppose b = u - 98. What is the remainder when u is divided by 14?
11
Let d = 27923 + -27870. Let u(p) = p**2 + 3*p - 4. What is the remainder when d is divided by u(-6)?
11
Suppose 15*k - 616 = 26*k. Let h = k + 198. What is the remainder when h is divided by 16?
14
Let f(q) = 2*q**2 + 70*q - 382. Calculate the remainder when 775 is divided by f(-40).
1
Calculate the remainder when 245 - 239 - (-4666)/(-4)*-2 is divided by 13.
12
Let d(w) = -320*w + 693. Let h(k) = k**3 + 6*k**2 - 8*k. Suppose -2*l = -3*l - 7. Calculate the remainder when d(2) is divided by h(l).
4
Suppose -4*u - 637*q + 882 = -638*q, 2*u - 468 = 5*q. What is the remainder when 451 is divided by u?
13
Suppose 0 = 4*x - 338 - 162. Let f(r) = r**3 + 9*r**2 + 2*r + 44. What is the remainder when x is divided by f(-9)?
21
Let h(p) = -p**3 + 26*p**2 - 155*p + 22. Let d = -204 - -213. Let r = -20 - -32. Calculate the remainder when r is divided by h(d).
0
Suppose -8477 = -135*i - 38*i. Calculate the remainder when i is divided by 7.
0
Suppose -15*k + 17 = -16*k. Calculate the remainder when 7/(-7) + 3 - k is divided by (-1)/((-3)/6) + 6.
3
Let c = 3165 + -3160. What is the remainder when 533 is divided by c?
3
Let u = -1760 + 1800. Calculate the remainder when 398 is divided by u.
38
Let m = 578 + -297. Let u = m + -222. Calculate the remainder when u is divided by -3 + 11*(1 - -2).
29
Let v = -23220 + 23320. What is the remainder when 1389 is divided by v?
89
Let f = 424 + -423. Calculate the remainder when 214 is divided by (6/(-18))/(f/(-81)).
25
Let y = 1104 - 965. Calculate the remainder when y is divided by 1 - 4 - -4 - -4.
4
Suppose -3*g = 2*b - 156, -5*b = 8*g - 12*g + 208. Suppose 58*y - 588 = g*y. What is the remainder when y is divided by 29?
11
Suppose 4*o - 54 = v, 0 = -7*o + 4*o + v + 41. Calculate the remainder when o is divided by 9 + 2 - (7 + -2).
1
Let n = 2044 + -1154. Suppose -12*b + n = 62. Suppose 182 = 10*y - 58. Calculate the remainder when b is divided by y.
21
Suppose -4*p + 849 = 5*i, -4*i + 9*i - 1060 = -5*p. Calculate the remainder when p is divided by 65.
16
Suppose 751*c + 5*h - 22 = 750*c, 0 = c - 3*h + 2. Calculate the remainder when c is divided by 10/(-3)*12/(-10).
3
Let g be 7 - 1/3*6. Suppose g*a - 13*a + 344 = 0. Let z = a + -31. Calculate the remainder when z is divided by 4.
0
Let v(f) = 2*f - 3*f - 7 + 32. What is the remainder when (-942)/(-18) + 4/6 is divided by v(7)?
17
Suppose 33 = -2*c + 115. Calculate the remainder when (-9)/(-36) + ((-4905)/4)/(-3) is divided by c.
40
Suppose -4*z + 88 = t, -2*t + 8*z - 5*z + 231 = 0. Calculate the remainder when t is divided by 4/8 - ((-234)/12 + 0).
8
Suppose -4*c + 44 = -28. Let i(m) = m + 2. Let o(w) = -4*w - 9. Let a(t) = c*i(t) + 4*o(t). What is the remainder when 21 is divided by a(6)?
9
Suppose 251*r - 106*r - 3525 = 1260. Calculate the remainder when 68 is divided by r.
2
Suppose 100017*g - 100005*g = 180. What is the remainder when 1256 is divided by g?
11
Let h = -10 - -33. Let m = 110 + -110. Suppose o + 4*x - 31 = m, -3*o - 2*x = -3*x - 132. Calculate the remainder when o is divided by h.
20
Let a(p) = -293*p - 562. Calculate the remainder when 537 is divided by a(-2).
9
Suppose 4*j = -4*q + 32, -4*j - 26 = -4*q - 18. What is the remainder when 3007 is divided by q?
2
Let g be 3*((-4)/(-3) + -6). Let m(o) = 14*o**2 + 158*o + 7. Calculate the remainder when m(g) is divided by 45.
44
Let l be ((1 + -1)/(-2))/2. Suppose 2*q - 48 = -5*d, -d - 3*q + l + 7 = 0. Let t = 167878 - 167876. Calculate the remainder when d is divided by t.
0
Let a = -606 + 725. What is the remainder when 215 is divided by a?
96
Let m = 14792 - 14235. What is the remainder when m is divided by 35?
32
Let k(x) = -14*x + 43. Let w be k(8). Let u = 74 + w. Suppose -5*s - 56 + 6 = -2*o, -u*s + 10 = 0. What is the remainder when 86 is divided by o?
26
Let c = 47 - 24. Suppose -31 = -2*i - c. Suppose -q - 29 = -3*u + 7, 48 = i*u - 2*q. What is the remainder when 44 is divided by u?
8
Suppose -4*m + g + 61 = 0, 3*m + 4*g = 17 + 5. Calculate the remainder when 25 is divided by m.
11
Suppose 26*c - 64 = -2*n + 19*c, 109 = 3*n + 4*c. What is the remainder when n is divided by 9 - (0/2)/(-1)?
3
Let q = -46 - -63. What is the remainder when q is divided by 51*2/(-36)*-6?
0
Suppose 3*c - k = 84, 0 = 3*c - 10*k + 12*k - 75. What is the remainder when 18/c + (-1565)/(-15) is divided by 35?
0
Let z be (-144 + 30)*1/2. Let r be z/(-12) + 1/4. Suppose 0*o = 4*o + 8, r*f - 4*o = 223. What is the remainder when 167 is divided by f?
38
Suppose 6*z + 78*z = 1764. What is the remainder when 61 is divided by z?
19
Let l(o) = -11*o + 8. Let v be l(-7). Suppose g = 5*h + v, -2*g + h = 6*h - 110. Calculate the remainder when g is divided by (584/8 + -7)*1/6.
10
Suppose 25*r - 8*r + 7*r - 81072 = 0. What is the remainder when r is divided by 21?
18
Let o = 8887 + -8740. What is the remainder when 499 is divided by o?
58
Suppose 2*i = -2*u - 4, -4*i - 3 = -i. Let b = 15 - u. Suppose 0 = 9*w - 207 - 360. Calculate the remainder when w is divided by b.
15
Suppose 8283 = -203*j + 214*j. What is the remainder when j is divided by 40?
33
Suppose 3*j + 2*v = -52, v = -3*j - 3*v - 50. Calculate the remainder when ((-279)/j)/(3/6) is divided by 10.
1
Let u = -902 - -921. Calculate the remainder when 68 is divided by u.
11
Suppose -356*r - 4*t = -352*r - 2532, -1301 = -2*r + 5*t. What is the remainder when r is divided by 6?
2
Let v = 1 + -1. Suppose v = p + 3*p + 20, 0 = -d - 3*p - 9. Suppose -3*g + 3*q = -0*g - 24, -21 = -2*g - 3*q. Calculate the remainder when g is divided by d.
3
Let m(g) = -4*g + 38. Let x be m(-3). Let r = -17 + x. Calculate the remainder when 227 is divided by r.
29
Suppose 0 = -34*a + 52*a - 72. Calculate the remainder when 4 is divided by a/11*(-19 - -30).
0
Suppose -5*i - 19*u + 22*u = -2006, -i = 3*u - 412. What is the remainder when i is divided by 102?
97
Suppose 395 + 100 = -5*c. What is the remainder when 258 is divided by 12/(-9)*c/2?
60
Let h(u) = -256*u + 6939. Calculate the remainder when 1/4 + 798/8 is divided by h(27).
19
Calculate the remainder when (477/1)/(108 + -107) is divided by (3 + -99)*2/(-4).
45
Let a = 37 + 24. Let o = 66 - a. What is the remainder when 11 is divided by o?
1
Let u(a) = 2*a**3 + 145*a**2 - 75*a - 119. What is the remainder when 0 - 2 - 1*-64 is divided by u(-73)?
8
Suppose 4*u - 2*m - m = 1989, 0 = u - 3*m - 495. What is the remainder when u is divided by (-20)/12*(-690)/23?
48
Suppose -2*l - 54 = l. Let w be (-2 + (-22)/(-8))/(l/(-72)). Suppose -w*r = 9 - 36. What is the remainder when 11 is divided by r?
2
Suppose 383*u - 1417 = 370*u. What is the remainder when u is divided by 42?
25
Let u(d) = -14*d + 1. Suppose -2*z - 3*z = -3*m - 4, 0 = -z - m - 4. Let j be u(z). Suppose 0 = j*s - 16*s + 41. What is the remainder when s is divided by 9?
5
Calculate the remainder when 14*15/30 + 52 is divided by 31.
28
Suppose 20*w - 7922 = 3*w. Let i = -713 - -725. What is the remainder when w is divided by i?
10
Suppose -6*i + 2*i + 16 = 0. Suppose i*j = -111 + 831. Suppose -5*f + 5 = -j. What is the remainder when 71 is divided by f?
34
Let n(r) = -r**2 + 6*r + 16. Suppose -2*b - 4*g = -0*g - 6, 0 = -b + g - 3. Let i be (((-3)/(-3) + b)/1)/2. Calculate the remainder when n(i) is divided by 4.
0
Suppose -55*a + 6*a + 1235 = 16*a. Calculate the remainder when 204 is divided by a.
14
Let c = -6377 - -6990. Calculate the remainder 